{"id":37,"date":"2017-01-02T09:40:14","date_gmt":"2017-01-02T09:40:14","guid":{"rendered":"https:\/\/demo.themegrill.com\/flash-default-2\/?page_id=37"},"modified":"2024-12-25T13:55:17","modified_gmt":"2024-12-25T10:55:17","slug":"mezun","status":"publish","type":"page","link":"https:\/\/subel.selcuk.edu.tr\/index.php\/mezun\/","title":{"rendered":"Mezunlar"},"content":{"rendered":"<p><strong>MUSTAFA TEK<\/strong> &#8211; Orta Mallar\u0131n\u0131n Kullan\u0131m\u0131nda \u0130\u015fbirli\u011fi ve Davran\u0131\u015fsal Belirleyiciler: Deneysel \u0130ktisat Ba\u011flam\u0131nda Tar\u0131msal Sulama \u00d6rne\u011fi(2024) &#8211; Doktora Tezi<\/p>\n","protected":false},"excerpt":{"rendered":"<p>MUSTAFA TEK &#8211; Orta Mallar\u0131n\u0131n Kullan\u0131m\u0131nda \u0130\u015fbirli\u011fi ve Davran\u0131\u015fsal Belirleyiciler: Deneysel \u0130ktisat Ba\u011flam\u0131nda Tar\u0131msal Sulama \u00d6rne\u011fi(2024) &#8211; Doktora Tezi<\/p>\n","protected":false},"author":1,"featured_media":0,"parent":0,"menu_order":0,"comment_status":"closed","ping_status":"closed","template":"","meta":{"_uag_custom_page_level_css":"","footnotes":""},"class_list":["post-37","page","type-page","status-publish","hentry"],"aioseo_notices":[],"uagb_featured_image_src":{"full":false,"thumbnail":false,"medium":false,"medium_large":false,"large":false,"1536x1536":false,"2048x2048":false,"flash-square":false,"flash-big":false,"flash-grid":false},"uagb_author_info":{"display_name":"bidb","author_link":"https:\/\/subel.selcuk.edu.tr\/index.php\/author\/bidb\/"},"uagb_comment_info":0,"uagb_excerpt":"MUSTAFA TEK &#8211; Orta Mallar\u0131n\u0131n Kullan\u0131m\u0131nda \u0130\u015fbirli\u011fi ve Davran\u0131\u015fsal Belirleyiciler: Deneysel \u0130ktisat Ba\u011flam\u0131nda Tar\u0131msal Sulama \u00d6rne\u011fi(2024) &#8211; Doktora Tezi","_links":{"self":[{"href":"https:\/\/subel.selcuk.edu.tr\/index.php\/wp-json\/wp\/v2\/pages\/37","targetHints":{"allow":["GET"]}}],"collection":[{"href":"https:\/\/subel.selcuk.edu.tr\/index.php\/wp-json\/wp\/v2\/pages"}],"about":[{"href":"https:\/\/subel.selcuk.edu.tr\/index.php\/wp-json\/wp\/v2\/types\/page"}],"author":[{"embeddable":true,"href":"https:\/\/subel.selcuk.edu.tr\/index.php\/wp-json\/wp\/v2\/users\/1"}],"replies":[{"embeddable":true,"href":"https:\/\/subel.selcuk.edu.tr\/index.php\/wp-json\/wp\/v2\/comments?post=37"}],"version-history":[{"count":4,"href":"https:\/\/subel.selcuk.edu.tr\/index.php\/wp-json\/wp\/v2\/pages\/37\/revisions"}],"predecessor-version":[{"id":1149,"href":"https:\/\/subel.selcuk.edu.tr\/index.php\/wp-json\/wp\/v2\/pages\/37\/revisions\/1149"}],"wp:attachment":[{"href":"https:\/\/subel.selcuk.edu.tr\/index.php\/wp-json\/wp\/v2\/media?parent=37"}],"curies":[{"name":"wp","href":"https:\/\/api.w.org\/{rel}","templated":true}]}}