{"id":1131,"date":"2024-12-25T11:35:17","date_gmt":"2024-12-25T08:35:17","guid":{"rendered":"https:\/\/subel.selcuk.edu.tr\/?page_id=1131"},"modified":"2024-12-25T11:41:23","modified_gmt":"2024-12-25T08:41:23","slug":"lab-rezervasyon","status":"publish","type":"page","link":"https:\/\/subel.selcuk.edu.tr\/index.php\/lab-rezervasyon\/","title":{"rendered":"Lab Rezervasyon"},"content":{"rendered":"<p>Lab rezervasyonu yapt\u0131rmak i\u00e7in a\u015fa\u011f\u0131daki dok\u00fcman\u0131 indirip doldurabilirsiniz.<\/p>\n<p><a href=\"https:\/\/subel.selcuk.edu.tr\/wp-content\/uploads\/2024\/12\/Lab-rezervasyon.docx\">Lab rezervasyon<\/a><\/p>\n","protected":false},"excerpt":{"rendered":"<p>Lab rezervasyonu yapt\u0131rmak i\u00e7in a\u015fa\u011f\u0131daki dok\u00fcman\u0131 indirip doldurabilirsiniz. Lab rezervasyon<\/p>\n","protected":false},"author":2,"featured_media":0,"parent":0,"menu_order":0,"comment_status":"closed","ping_status":"closed","template":"","meta":{"_uag_custom_page_level_css":"","footnotes":""},"class_list":["post-1131","page","type-page","status-publish","hentry"],"aioseo_notices":[],"uagb_featured_image_src":{"full":false,"thumbnail":false,"medium":false,"medium_large":false,"large":false,"1536x1536":false,"2048x2048":false,"flash-square":false,"flash-big":false,"flash-grid":false},"uagb_author_info":{"display_name":"Mustafa TEK","author_link":"https:\/\/subel.selcuk.edu.tr\/index.php\/author\/ars_gor_mustafa_tek\/"},"uagb_comment_info":0,"uagb_excerpt":"Lab rezervasyonu yapt\u0131rmak i\u00e7in a\u015fa\u011f\u0131daki dok\u00fcman\u0131 indirip doldurabilirsiniz. Lab rezervasyon","_links":{"self":[{"href":"https:\/\/subel.selcuk.edu.tr\/index.php\/wp-json\/wp\/v2\/pages\/1131","targetHints":{"allow":["GET"]}}],"collection":[{"href":"https:\/\/subel.selcuk.edu.tr\/index.php\/wp-json\/wp\/v2\/pages"}],"about":[{"href":"https:\/\/subel.selcuk.edu.tr\/index.php\/wp-json\/wp\/v2\/types\/page"}],"author":[{"embeddable":true,"href":"https:\/\/subel.selcuk.edu.tr\/index.php\/wp-json\/wp\/v2\/users\/2"}],"replies":[{"embeddable":true,"href":"https:\/\/subel.selcuk.edu.tr\/index.php\/wp-json\/wp\/v2\/comments?post=1131"}],"version-history":[{"count":6,"href":"https:\/\/subel.selcuk.edu.tr\/index.php\/wp-json\/wp\/v2\/pages\/1131\/revisions"}],"predecessor-version":[{"id":1143,"href":"https:\/\/subel.selcuk.edu.tr\/index.php\/wp-json\/wp\/v2\/pages\/1131\/revisions\/1143"}],"wp:attachment":[{"href":"https:\/\/subel.selcuk.edu.tr\/index.php\/wp-json\/wp\/v2\/media?parent=1131"}],"curies":[{"name":"wp","href":"https:\/\/api.w.org\/{rel}","templated":true}]}}